{"id":9,"date":"2023-02-08T09:24:59","date_gmt":"2023-02-08T08:24:59","guid":{"rendered":"https:\/\/johanneslepennec.com\/?page_id=9"},"modified":"2024-09-14T15:47:40","modified_gmt":"2024-09-14T13:47:40","slug":"biographie","status":"publish","type":"page","link":"https:\/\/johanneslepennec.com\/index.php\/biographie\/","title":{"rendered":"Biographie"},"content":{"rendered":"<div class=\"wp-block-image\">\n<figure class=\"alignleft size-full is-resized\"><img loading=\"lazy\" decoding=\"async\" width=\"720\" height=\"480\" src=\"http:\/\/johanneslepennec.com\/wp-content\/uploads\/2023\/02\/pic-2.png\" alt=\"\" class=\"wp-image-127\" style=\"width:339px;height:223px\" srcset=\"https:\/\/johanneslepennec.com\/wp-content\/uploads\/2023\/02\/pic-2.png 720w, https:\/\/johanneslepennec.com\/wp-content\/uploads\/2023\/02\/pic-2-300x200.png 300w\" sizes=\"auto, (max-width: 720px) 100vw, 720px\" \/><\/figure>\n<\/div>\n\n\n<p align=\"justify\">Violoncelliste de formation (Dipl\u00f4me Sup\u00e9rieur de Concertiste \u00e0 l\u2019Ecole Normale de Musique de Paris),\nchambriste et musicien d\u2019orchestre (Orchestre National des Pays de la Loire, Orchestre Colonne, Orchestre R\u00e9gional\nde Chambre d\u2019Ile de France\u2026), Johannes Le Pennec choisit ensuite de r\u00e9aliser sa vocation premi\u00e8re : la direction d\u2019orchestre. Form\u00e9 notamment aupr\u00e8s d\u2019Adrian McDonnell et de Julien Leroy, son parcours l\u2019a amen\u00e9 \u00e0 diriger des formations telles que l\u2019Orchestre National de Bretagne, l\u2019Orchestre National de Metz, l\u2019Orchestre R\u00e9gional de Normandie, l\u2019Orchestre Ostinato, l\u2019Orchestre Victor Hugo \u2013 Franche Comt\u00e9, le Scoring Orchestra, les Ondes Plurielles, l\u2019orchestre Note et Bien, les Cl\u00e9s d\u2019Euphonia ou l\u2019Orchestre d\u2019Harmonie de Levallois et \u00e0 collaborer avec la compagnie Divinop\u00e9ra et les Ch\u0153urs de Radio-France.<\/p>\n\n\n\n<p align=\"justify\">Il a \u00e9t\u00e9 nomm\u00e9 chef associ\u00e9 de l\u2019Orchestre Symphonique Maurice Ravel, l\u2019amenant \u00e0 travailler sur diff\u00e9rentes productions d\u2019op\u00e9ra (Carmen, la Boh\u00e8me, Pagliacci\u2026) et est directeur musical de l\u2019Orchestre Symphonique Paris-Saclay, \u00e0 la t\u00eate duquel il dirige un large r\u00e9pertoire. En 2023, Johannes Le Pennec est nomm\u00e9 Directeur musical de l\u2019Orchestre Saint Germain et assiste Myung-Whun Chung dans la Symphonie du Nouveau Monde de Dvorak \u00e0 l\u2019occasion des 70 ans du Lyc\u00e9e International de Saint Germain en Laye. Il accompagne des solistes tels que Marc Coppey, Herv\u00e9 Joulain, Jonathan Fournel, Vanessa Wagner, Marianne Croux, David Kadouch, Michel Tirabosco, Shigeko Hata\u2026<\/p>\n\n\n\n<p align=\"justify\">Dans le domaine de la musique contemporaine, il participe notamment au concert d&rsquo;ouverture du Festival Pr\u00e9sences d\u00e9di\u00e9 \u00e0 Thierry Escaich (diffus\u00e9 en direct sur France Musique), \u00e0 la cr\u00e9ation de la nouvelle version de l&rsquo;op\u00e9ra \u00ab\u00a0le Premier cercle\u00a0\u00bb de Gilbert Amy \u00e0 l&rsquo;Op\u00e9ra de Massy et il dirige la cr\u00e9ation de l&rsquo;op\u00e9ra-conte \u00ab\u00a0Nadir\u00a0\u00bb de Matthieu Stefanelli. En 2022, il cr\u00e9e la partition \u00e9crite par Marc-Olivier Dupin pour le cin\u00e9-concert \u00ab l\u2019Homme qui\nplantait des arbres \u00bb de Fr\u00e9d\u00e9ric Back avec l\u2019Orchestre R\u00e9gional de Normandie et en 2023 il dirige la cr\u00e9ation parisienne du conte \u00ab L\u2019Ile des Jamais trop tard \u00bb \u00e0 la Seine musicale. En 2024, il cr\u00e9e \u00ab Kenson, concerto pour bagad et orchestre \u00bb d\u2019Arthur Lavandier avec l\u2019Orchestre National de Bretagne (captation par France 3).<\/p>\n\n\n\n<p align=\"justify\">Dans l\u2019univers du cin\u00e9ma, en collaboration avec le compositeur Pascal Le Pennec, il a enregistr\u00e9 les bandes originales du long-m\u00e9trage d\u2019animation de Jean-Fran\u00e7ois Laguionie \u00ab Le Tableau \u00bb (Prix SACEM de la meilleure musique de film au Festival International du Film Francophone de T\u00fcbingen-Stuttgart 2012). Du m\u00eame r\u00e9alisateur et avec l&rsquo;Orchestre National de Bretagne, il enregistre \u00ab\u00a0Louise en Hiver\u00a0\u00bb (nomm\u00e9 pour le prix SACEM-France-Musique de la musique de film 2017) et \u00ab\u00a0Slocum\u00a0\u00bb (sortie en 2024). Toujours en collaboration avec l\u2019ONB, il enregistre la BO du film \u00ab Le Pharaon, le sauvage et la princesse \u00bb de Michel Ocelot (nomm\u00e9e \u00e9galement au prix des auditeurs France Musique-SACEM 2023).<\/p>\n\n\n\n<p align=\"justify\">Titulaire du Dipl\u00f4me d\u2019Etat et du Certificat d\u2019Aptitude de professeur de violoncelle, passionn\u00e9 de p\u00e9dagogie, Johannes Le Pennec enseigne au CRI de Palaiseau (91) et cherche sans cesse \u00e0 unir musique et transmission.<\/p>\n\n\n\n<p><\/p>\n","protected":false},"excerpt":{"rendered":"<p>Violoncelliste de formation (Dipl\u00f4me Sup\u00e9rieur de Concertiste \u00e0 l\u2019Ecole Normale de Musique de Paris), chambriste et musicien d\u2019orchestre (Orchestre National des Pays de la Loire, Orchestre Colonne, Orchestre R\u00e9gional de&#8230;<\/p>\n<p><a class=\"read-more\" href=\"https:\/\/johanneslepennec.com\/index.php\/biographie\/\">Read More<\/a><\/p>\n","protected":false},"author":1,"featured_media":0,"parent":0,"menu_order":0,"comment_status":"closed","ping_status":"closed","template":"","meta":{"footnotes":""},"class_list":["post-9","page","type-page","status-publish","hentry"],"_links":{"self":[{"href":"https:\/\/johanneslepennec.com\/index.php\/wp-json\/wp\/v2\/pages\/9","targetHints":{"allow":["GET"]}}],"collection":[{"href":"https:\/\/johanneslepennec.com\/index.php\/wp-json\/wp\/v2\/pages"}],"about":[{"href":"https:\/\/johanneslepennec.com\/index.php\/wp-json\/wp\/v2\/types\/page"}],"author":[{"embeddable":true,"href":"https:\/\/johanneslepennec.com\/index.php\/wp-json\/wp\/v2\/users\/1"}],"replies":[{"embeddable":true,"href":"https:\/\/johanneslepennec.com\/index.php\/wp-json\/wp\/v2\/comments?post=9"}],"version-history":[{"count":21,"href":"https:\/\/johanneslepennec.com\/index.php\/wp-json\/wp\/v2\/pages\/9\/revisions"}],"predecessor-version":[{"id":380,"href":"https:\/\/johanneslepennec.com\/index.php\/wp-json\/wp\/v2\/pages\/9\/revisions\/380"}],"wp:attachment":[{"href":"https:\/\/johanneslepennec.com\/index.php\/wp-json\/wp\/v2\/media?parent=9"}],"curies":[{"name":"wp","href":"https:\/\/api.w.org\/{rel}","templated":true}]}}