{"id":16,"date":"2023-02-08T09:26:56","date_gmt":"2023-02-08T08:26:56","guid":{"rendered":"https:\/\/johanneslepennec.com\/?page_id=16"},"modified":"2023-02-12T21:09:47","modified_gmt":"2023-02-12T20:09:47","slug":"photos","status":"publish","type":"page","link":"https:\/\/johanneslepennec.com\/index.php\/photos\/","title":{"rendered":"Photos"},"content":{"rendered":"\n<figure class=\"wp-block-gallery has-nested-images columns-default is-cropped wp-block-gallery-1 is-layout-flex wp-block-gallery-is-layout-flex\">\n<figure class=\"wp-block-image size-large\"><img loading=\"lazy\" decoding=\"async\" width=\"1024\" height=\"683\" data-id=\"102\" src=\"https:\/\/johanneslepennec.com\/wp-content\/uploads\/2023\/02\/P2340491-2048x1365-1-1024x683.jpg\" alt=\"\" class=\"wp-image-102\" srcset=\"https:\/\/johanneslepennec.com\/wp-content\/uploads\/2023\/02\/P2340491-2048x1365-1-1024x683.jpg 1024w, https:\/\/johanneslepennec.com\/wp-content\/uploads\/2023\/02\/P2340491-2048x1365-1-300x200.jpg 300w, https:\/\/johanneslepennec.com\/wp-content\/uploads\/2023\/02\/P2340491-2048x1365-1-768x512.jpg 768w, https:\/\/johanneslepennec.com\/wp-content\/uploads\/2023\/02\/P2340491-2048x1365-1-1536x1024.jpg 1536w, https:\/\/johanneslepennec.com\/wp-content\/uploads\/2023\/02\/P2340491-2048x1365-1.jpg 2048w\" sizes=\"auto, (max-width: 1024px) 100vw, 1024px\" \/><\/figure>\n\n\n\n<figure class=\"wp-block-image size-large\"><img loading=\"lazy\" decoding=\"async\" width=\"960\" height=\"640\" data-id=\"101\" src=\"https:\/\/johanneslepennec.com\/wp-content\/uploads\/2023\/02\/dedo.jpeg\" alt=\"\" class=\"wp-image-101\" srcset=\"https:\/\/johanneslepennec.com\/wp-content\/uploads\/2023\/02\/dedo.jpeg 960w, https:\/\/johanneslepennec.com\/wp-content\/uploads\/2023\/02\/dedo-300x200.jpeg 300w, https:\/\/johanneslepennec.com\/wp-content\/uploads\/2023\/02\/dedo-768x512.jpeg 768w\" sizes=\"auto, (max-width: 960px) 100vw, 960px\" \/><\/figure>\n\n\n\n<figure class=\"wp-block-image size-large\"><img loading=\"lazy\" decoding=\"async\" width=\"702\" height=\"396\" data-id=\"100\" src=\"https:\/\/johanneslepennec.com\/wp-content\/uploads\/2023\/02\/1669842484448.jpeg\" alt=\"\" class=\"wp-image-100\" srcset=\"https:\/\/johanneslepennec.com\/wp-content\/uploads\/2023\/02\/1669842484448.jpeg 702w, https:\/\/johanneslepennec.com\/wp-content\/uploads\/2023\/02\/1669842484448-300x169.jpeg 300w\" sizes=\"auto, (max-width: 702px) 100vw, 702px\" \/><\/figure>\n\n\n\n<figure class=\"wp-block-image size-large\"><img loading=\"lazy\" decoding=\"async\" width=\"1000\" height=\"667\" data-id=\"140\" src=\"https:\/\/johanneslepennec.com\/wp-content\/uploads\/2023\/02\/ORCHESTRE002.jpg\" alt=\"\" class=\"wp-image-140\" srcset=\"https:\/\/johanneslepennec.com\/wp-content\/uploads\/2023\/02\/ORCHESTRE002.jpg 1000w, https:\/\/johanneslepennec.com\/wp-content\/uploads\/2023\/02\/ORCHESTRE002-300x200.jpg 300w, https:\/\/johanneslepennec.com\/wp-content\/uploads\/2023\/02\/ORCHESTRE002-768x512.jpg 768w\" sizes=\"auto, (max-width: 1000px) 100vw, 1000px\" \/><\/figure>\n\n\n\n<figure class=\"wp-block-image size-large\"><img loading=\"lazy\" decoding=\"async\" width=\"683\" height=\"1024\" data-id=\"103\" src=\"https:\/\/johanneslepennec.com\/wp-content\/uploads\/2023\/02\/pmp3844-683x1024.jpg\" alt=\"\" class=\"wp-image-103\" srcset=\"https:\/\/johanneslepennec.com\/wp-content\/uploads\/2023\/02\/pmp3844-683x1024.jpg 683w, https:\/\/johanneslepennec.com\/wp-content\/uploads\/2023\/02\/pmp3844-200x300.jpg 200w, https:\/\/johanneslepennec.com\/wp-content\/uploads\/2023\/02\/pmp3844-768x1152.jpg 768w, https:\/\/johanneslepennec.com\/wp-content\/uploads\/2023\/02\/pmp3844-1024x1536.jpg 1024w, https:\/\/johanneslepennec.com\/wp-content\/uploads\/2023\/02\/pmp3844-1365x2048.jpg 1365w, https:\/\/johanneslepennec.com\/wp-content\/uploads\/2023\/02\/pmp3844-scaled.jpg 1707w\" sizes=\"auto, (max-width: 683px) 100vw, 683px\" \/><\/figure>\n\n\n\n<figure class=\"wp-block-image size-large\"><img loading=\"lazy\" decoding=\"async\" width=\"1000\" height=\"667\" data-id=\"141\" src=\"https:\/\/johanneslepennec.com\/wp-content\/uploads\/2023\/02\/ORCHESTRE012.jpg\" alt=\"\" class=\"wp-image-141\" srcset=\"https:\/\/johanneslepennec.com\/wp-content\/uploads\/2023\/02\/ORCHESTRE012.jpg 1000w, https:\/\/johanneslepennec.com\/wp-content\/uploads\/2023\/02\/ORCHESTRE012-300x200.jpg 300w, https:\/\/johanneslepennec.com\/wp-content\/uploads\/2023\/02\/ORCHESTRE012-768x512.jpg 768w\" sizes=\"auto, (max-width: 1000px) 100vw, 1000px\" \/><\/figure>\n\n\n\n<figure class=\"wp-block-image size-large\"><img loading=\"lazy\" decoding=\"async\" width=\"1000\" height=\"667\" data-id=\"142\" src=\"https:\/\/johanneslepennec.com\/wp-content\/uploads\/2023\/02\/ORCHESTRE023.jpg\" alt=\"\" class=\"wp-image-142\" srcset=\"https:\/\/johanneslepennec.com\/wp-content\/uploads\/2023\/02\/ORCHESTRE023.jpg 1000w, https:\/\/johanneslepennec.com\/wp-content\/uploads\/2023\/02\/ORCHESTRE023-300x200.jpg 300w, https:\/\/johanneslepennec.com\/wp-content\/uploads\/2023\/02\/ORCHESTRE023-768x512.jpg 768w\" sizes=\"auto, (max-width: 1000px) 100vw, 1000px\" \/><\/figure>\n\n\n\n<figure class=\"wp-block-image size-large\"><img loading=\"lazy\" decoding=\"async\" width=\"992\" height=\"661\" data-id=\"143\" src=\"https:\/\/johanneslepennec.com\/wp-content\/uploads\/2023\/02\/ORCHESTRE029.jpg\" alt=\"\" class=\"wp-image-143\" srcset=\"https:\/\/johanneslepennec.com\/wp-content\/uploads\/2023\/02\/ORCHESTRE029.jpg 992w, https:\/\/johanneslepennec.com\/wp-content\/uploads\/2023\/02\/ORCHESTRE029-300x200.jpg 300w, https:\/\/johanneslepennec.com\/wp-content\/uploads\/2023\/02\/ORCHESTRE029-768x512.jpg 768w\" sizes=\"auto, (max-width: 992px) 100vw, 992px\" \/><\/figure>\n\n\n\n<figure class=\"wp-block-image size-large\"><img loading=\"lazy\" decoding=\"async\" width=\"1000\" height=\"667\" data-id=\"144\" src=\"https:\/\/johanneslepennec.com\/wp-content\/uploads\/2023\/02\/ORCHESTRE034.jpg\" alt=\"\" class=\"wp-image-144\" srcset=\"https:\/\/johanneslepennec.com\/wp-content\/uploads\/2023\/02\/ORCHESTRE034.jpg 1000w, https:\/\/johanneslepennec.com\/wp-content\/uploads\/2023\/02\/ORCHESTRE034-300x200.jpg 300w, https:\/\/johanneslepennec.com\/wp-content\/uploads\/2023\/02\/ORCHESTRE034-768x512.jpg 768w\" sizes=\"auto, (max-width: 1000px) 100vw, 1000px\" \/><\/figure>\n\n\n\n<figure class=\"wp-block-image size-large\"><img loading=\"lazy\" decoding=\"async\" width=\"1000\" height=\"667\" data-id=\"145\" src=\"https:\/\/johanneslepennec.com\/wp-content\/uploads\/2023\/02\/ORCHESTRE036.jpg\" alt=\"\" class=\"wp-image-145\" srcset=\"https:\/\/johanneslepennec.com\/wp-content\/uploads\/2023\/02\/ORCHESTRE036.jpg 1000w, https:\/\/johanneslepennec.com\/wp-content\/uploads\/2023\/02\/ORCHESTRE036-300x200.jpg 300w, https:\/\/johanneslepennec.com\/wp-content\/uploads\/2023\/02\/ORCHESTRE036-768x512.jpg 768w\" sizes=\"auto, (max-width: 1000px) 100vw, 1000px\" \/><\/figure>\n\n\n\n<figure class=\"wp-block-image size-large\"><img loading=\"lazy\" decoding=\"async\" width=\"1000\" height=\"667\" data-id=\"146\" src=\"https:\/\/johanneslepennec.com\/wp-content\/uploads\/2023\/02\/pic1.jpg\" alt=\"\" class=\"wp-image-146\" srcset=\"https:\/\/johanneslepennec.com\/wp-content\/uploads\/2023\/02\/pic1.jpg 1000w, https:\/\/johanneslepennec.com\/wp-content\/uploads\/2023\/02\/pic1-300x200.jpg 300w, https:\/\/johanneslepennec.com\/wp-content\/uploads\/2023\/02\/pic1-768x512.jpg 768w\" sizes=\"auto, (max-width: 1000px) 100vw, 1000px\" \/><\/figure>\n<\/figure>\n\n\n\n<hr class=\"wp-block-separator has-alpha-channel-opacity\"\/>\n\n\n\n<p>Remerciements \u00e0 Pierre M\u00e9rat, Laurent Bugnet, June D\u00f6e et Laurent Guizard<\/p>\n","protected":false},"excerpt":{"rendered":"<p>Remerciements \u00e0 Pierre M\u00e9rat, Laurent Bugnet, June D\u00f6e et Laurent Guizard<\/p>\n","protected":false},"author":1,"featured_media":0,"parent":0,"menu_order":0,"comment_status":"closed","ping_status":"closed","template":"","meta":{"footnotes":""},"class_list":["post-16","page","type-page","status-publish","hentry"],"_links":{"self":[{"href":"https:\/\/johanneslepennec.com\/index.php\/wp-json\/wp\/v2\/pages\/16","targetHints":{"allow":["GET"]}}],"collection":[{"href":"https:\/\/johanneslepennec.com\/index.php\/wp-json\/wp\/v2\/pages"}],"about":[{"href":"https:\/\/johanneslepennec.com\/index.php\/wp-json\/wp\/v2\/types\/page"}],"author":[{"embeddable":true,"href":"https:\/\/johanneslepennec.com\/index.php\/wp-json\/wp\/v2\/users\/1"}],"replies":[{"embeddable":true,"href":"https:\/\/johanneslepennec.com\/index.php\/wp-json\/wp\/v2\/comments?post=16"}],"version-history":[{"count":6,"href":"https:\/\/johanneslepennec.com\/index.php\/wp-json\/wp\/v2\/pages\/16\/revisions"}],"predecessor-version":[{"id":167,"href":"https:\/\/johanneslepennec.com\/index.php\/wp-json\/wp\/v2\/pages\/16\/revisions\/167"}],"wp:attachment":[{"href":"https:\/\/johanneslepennec.com\/index.php\/wp-json\/wp\/v2\/media?parent=16"}],"curies":[{"name":"wp","href":"https:\/\/api.w.org\/{rel}","templated":true}]}}